{"id":4782,"date":"2024-03-24T12:52:57","date_gmt":"2024-03-24T10:52:57","guid":{"rendered":"https:\/\/goetheschule-buseck.de\/?page_id=4782"},"modified":"2024-11-08T11:44:02","modified_gmt":"2024-11-08T09:44:02","slug":"ernaehrungserziehung","status":"publish","type":"page","link":"https:\/\/goetheschule-buseck.de\/?page_id=4782","title":{"rendered":"Ern\u00e4hrungserziehung"},"content":{"rendered":"\n<figure class=\"wp-block-table is-style-stripes\"><table><tbody><tr><td><em>Ziel:<\/em><em>&nbsp;<\/em><strong>Ern\u00e4hrungsbewusstsein zur dauerhaften Gesunderhaltung schaffen und umsetzen<\/strong>&nbsp;<\/td><\/tr><tr><td><em>Kurzbeschreibung des Arbeitsschwerpunkts:<\/em>\u00a0<br>Ein Schwerpunkt der Schule ist die\u00a0<strong>\u201eGesunde Schule\u201c.\u00a0<\/strong>Die Goetheschule hat im Oktober 2013 das Teilzertifikat \u201eErn\u00e4hrung und Verbraucherbildung\u201c erhalten<strong>.\u00a0<\/strong>Das Thema \u201eGesundes Fr\u00fchst\u00fcck\u201c ist uns hierbei besonders wichtig. Um sich konzentrieren und lernen zu k\u00f6nnen, ben\u00f6tigen Kinder viel Energie. Daf\u00fcr ist eine optimale Versorgung mit einem gesunden Pausenbrot besonders wichtig. Zur Umsetzung eines gesunden Schulfr\u00fchst\u00fccks in den Klassen haben wir gemeinsam mit den Elternvertretern verbindliche Klassenregeln aufgestellt:<br>&#8211; wir trinken am Vormittag Mineralwasser\u00a0<br>&#8211; t\u00e4glich gesundes Schulfr\u00fchst\u00fcck: Wir essen ein herzhaftes, belegtes Brot und ein St\u00fcck Obst \/ Gem\u00fcse\u00a0<br><br>Eine fr\u00fchzeitige Vermittlung von ern\u00e4hrungsbezogenen Themen sowohl in theoretischer als auch in anwendungsbezogener Form ist in unseren Lehrpl\u00e4nen verankert. Hierbei werden Sachkompetenzen, Esskultur und Geschmackschulung schulstufenm\u00e4\u00dfig aufgebaut.<br>&#8211; \u201eGesunde Ern\u00e4hrung\u201c als Thema im Unterricht<br>&#8211; Zahnpflege<br>&#8211; AID-Ern\u00e4hrungsf\u00fchrerschein in den 3. Klassen<br>&#8211; Verbraucherbildung: Aufkl\u00e4rung der Kinder und Eltern<br>&#8211; Klasse 2000-Programm\u00a0<br><br>Der Besuch von Lernorten au\u00dferhalb der Schule zeigt den Kindern die nachhaltige Entwicklung von Erzeugung zum Konsum, es bestehen Kooperationen mit:<br>&#8211; M\u00fchle<br>&#8211; B\u00e4ckerei<br>&#8211; Imkerei<br>&#8211; Obst- und Gartenbauverein<br><\/td><\/tr><tr><td><em>Anmerkungen (Unterst\u00fctzung\/Materialien\/Sachmittel \u2026):<\/em><br>&#8211; Mithilfe der Eltern\/Erziehungsberechtigte <br>&#8211; j\u00e4hrliche Unterweisung durch eine Fachkraft vom Gesundheitsamt Gie\u00dfen in Zahngesundheit\u00a0<br>&#8211; Informationsbrosch\u00fcre f\u00fcr alle Eltern: \u201eMein Pausenfr\u00fchst\u00fcck\u201c<br>&#8211; Au\u00dferschulische Kooperationspartnerschaften<\/td><\/tr><\/tbody><\/table><\/figure>\n\n\n\n<div class=\"wp-block-buttons is-content-justification-right is-layout-flex wp-container-core-buttons-is-layout-765c4724 wp-block-buttons-is-layout-flex\">\n<div class=\"wp-block-button is-style-outline is-style-outline--1\"><a class=\"wp-block-button__link has-white-color has-cyan-bluish-gray-background-color has-text-color has-background has-link-color wp-element-button\" href=\"https:\/\/goetheschule-buseck.de\/?page_id=2857\">zur\u00fcck<\/a><\/div>\n<\/div>\n","protected":false},"excerpt":{"rendered":"<p>Ziel:&nbsp;Ern\u00e4hrungsbewusstsein zur dauerhaften Gesunderhaltung schaffen und umsetzen&nbsp; Kurzbeschreibung des Arbeitsschwerpunkts:\u00a0Ein Schwerpunkt der Schule ist die\u00a0\u201eGesunde Schule\u201c.\u00a0Die Goetheschule hat im Oktober &hellip; <\/p>\n","protected":false},"author":7,"featured_media":0,"parent":0,"menu_order":0,"comment_status":"closed","ping_status":"closed","template":"","meta":{"footnotes":""},"class_list":["post-4782","page","type-page","status-publish","hentry"],"_links":{"self":[{"href":"https:\/\/goetheschule-buseck.de\/index.php?rest_route=\/wp\/v2\/pages\/4782","targetHints":{"allow":["GET"]}}],"collection":[{"href":"https:\/\/goetheschule-buseck.de\/index.php?rest_route=\/wp\/v2\/pages"}],"about":[{"href":"https:\/\/goetheschule-buseck.de\/index.php?rest_route=\/wp\/v2\/types\/page"}],"author":[{"embeddable":true,"href":"https:\/\/goetheschule-buseck.de\/index.php?rest_route=\/wp\/v2\/users\/7"}],"replies":[{"embeddable":true,"href":"https:\/\/goetheschule-buseck.de\/index.php?rest_route=%2Fwp%2Fv2%2Fcomments&post=4782"}],"version-history":[{"count":3,"href":"https:\/\/goetheschule-buseck.de\/index.php?rest_route=\/wp\/v2\/pages\/4782\/revisions"}],"predecessor-version":[{"id":5127,"href":"https:\/\/goetheschule-buseck.de\/index.php?rest_route=\/wp\/v2\/pages\/4782\/revisions\/5127"}],"wp:attachment":[{"href":"https:\/\/goetheschule-buseck.de\/index.php?rest_route=%2Fwp%2Fv2%2Fmedia&parent=4782"}],"curies":[{"name":"wp","href":"https:\/\/api.w.org\/{rel}","templated":true}]}}

Ernährungserziehung

<figure class="wp-block-table is-style-stripes"><table><tbody><tr><td><em>Ziel:</em><em>&nbsp;</em><strong>Ernährungsbewusstsein zur dauerhaften Gesunderhaltung schaffen und umsetzen</strong>&nbsp;</td></tr><tr><td><em>Kurzbeschreibung des Arbeitsschwerpunkts:</em> <br>Ein Schwerpunkt der Schule ist die <strong>„Gesunde Schule“. </strong>Die Goetheschule hat im Oktober 2013 das Teilzertifikat „Ernährung und Verbraucherbildung“ erhalten<strong>. </strong>Das Thema „Gesundes Frühstück“ ist uns hierbei besonders wichtig. Um sich konzentrieren und lernen zu können, benötigen Kinder viel Energie. Dafür ist eine optimale Versorgung mit einem gesunden Pausenbrot besonders wichtig. Zur Umsetzung eines gesunden Schulfrühstücks in den Klassen haben wir gemeinsam mit den Elternvertretern verbindliche Klassenregeln aufgestellt:<br>&#8211; wir trinken am Vormittag Mineralwasser <br>&#8211; täglich gesundes Schulfrühstück: Wir essen ein herzhaftes, belegtes Brot und ein Stück Obst / Gemüse <br><br>Eine frühzeitige Vermittlung von ernährungsbezogenen Themen sowohl in theoretischer als auch in anwendungsbezogener Form ist in unseren Lehrplänen verankert. Hierbei werden Sachkompetenzen, Esskultur und Geschmackschulung schulstufenmäßig aufgebaut.<br>&#8211; „Gesunde Ernährung“ als Thema im Unterricht<br>&#8211; Zahnpflege<br>&#8211; AID-Ernährungsführerschein in den 3. Klassen<br>&#8211; Verbraucherbildung: Aufklärung der Kinder und Eltern<br>&#8211; Klasse 2000-Programm <br><br>Der Besuch von Lernorten außerhalb der Schule zeigt den Kindern die nachhaltige Entwicklung von Erzeugung zum Konsum, es bestehen Kooperationen mit:<br>&#8211; Mühle<br>&#8211; Bäckerei<br>&#8211; Imkerei<br>&#8211; Obst- und Gartenbauverein<br></td></tr><tr><td><em>Anmerkungen (Unterstützung/Materialien/Sachmittel …):</em><br>&#8211; Mithilfe der Eltern/Erziehungsberechtigte <br>&#8211; jährliche Unterweisung durch eine Fachkraft vom Gesundheitsamt Gießen in Zahngesundheit <br>&#8211; Informationsbroschüre für alle Eltern: „Mein Pausenfrühstück“<br>&#8211; Außerschulische Kooperationspartnerschaften</td></tr></tbody></table></figure>



<div class="wp-block-buttons is-content-justification-right is-layout-flex wp-container-core-buttons-is-layout-765c4724 wp-block-buttons-is-layout-flex">
<div class="wp-block-button is-style-outline is-style-outline--1"><a class="wp-block-button__link has-white-color has-cyan-bluish-gray-background-color has-text-color has-background has-link-color wp-element-button" href="https://goetheschule-buseck.de/?page_id=2857">zurück</a></div>
</div>

<p>Ziel:&nbsp;Ernährungsbewusstsein zur dauerhaften Gesunderhaltung schaffen und umsetzen&nbsp; Kurzbeschreibung des Arbeitsschwerpunkts: Ein Schwerpunkt der Schule ist die „Gesunde Schule“. Die Goetheschule hat im Oktober &hellip; </p>
